9?
98
Calculate the remainder when 599 is divided by 20.
19
Calculate the remainder when 234 is divided by 12.
6
Calculate the remainder when 52530 is divided by 131.
130
Calculate the remainder when 322 is divided by 111.
100
What is the remainder when 898 is divided by 45?
43
What is the remainder when 203 is divided by 98?
7
Calculate the remainder when 99 is divided by 10.
9
Calculate the remainder when 251 is divided by 204.
47
Calculate the remainder when 51 is divided by 13.
12
What is the remainder when 2459 is divided by 41?
40
Calculate the remainder when 583 is divided by 218.
147
Calculate the remainder when 311 is divided by 67.
43
Calculate the remainder when 11 is divided by 9.
2
Calculate the remainder when 222 is divided by 7.
5
What is the remainder when 195 is divided by 11?
8
Calculate the remainder when 148 is divided by 7.
1
Calculate the remainder when 7416 is divided by 1482.
6
What is the remainder when 355 is divided by 120?
115
Calculate the remainder when 541 is divided by 15.
1
What is the remainder when 36 is divided by 27?
9
Calculate the remainder when 597 is divided by 76.
65
Calculate the remainder when 502 is divided by 24.
22
What is the remainder when 205 is divided by 197?
8
What is the remainder when 15 is divided by 2?
1
Calculate the remainder when 620 is divided by 57.
50
Calculate the remainder when 388 is divided by 166.
56
What is the remainder when 447 is divided by 123?
78
What is the remainder when 3354 is divided by 667?
19
What is the remainder when 574 is divided by 9?
7
What is the remainder when 220 is divided by 39?
25
Calculate the remainder when 899 is divided by 222.
11
Calculate the remainder when 122 is divided by 15.
2
What is the remainder when 1055 is divided by 76?
67
Calculate the remainder when 109 is divided by 29.
22
Calculate the remainder when 362 is divided by 11.
10
What is the remainder when 146 is divided by 140?
6
What is the remainder when 189 is divided by 19?
18
Calculate the remainder when 823 is divided by 33.
31
Calculate the remainder when 852 is divided by 27.
15
What is the remainder when 692 is divided by 211?
59
What is the remainder when 6944 is divided by 17?
8
Calculate the remainder when 90 is divided by 62.
28
What is the remainder when 258 is divided by 33?
27
Calculate the remainder when 418 is divided by 110.
88
What is the remainder when 512 is divided by 4?
0
Calculate the remainder when 118 is divided by 8.
6
What is the remainder when 626 is divided by 14?
10
Calculate the remainder when 14557 is divided by 23.
21
What is the remainder when 1133 is divided by 17?
11
What is the remainder when 61 is divided by 14?
5
Calculate the remainder when 707 is divided by 79.
75
What is the remainder when 5183 is divided by 24?
23
What is the remainder when 9 is divided by 9?
0
Calculate the remainder when 388 is divided by 191.
6
What is the remainder when 545 is divided by 42?
41
Calculate the remainder when 143 is divided by 126.
17
Calculate the remainder when 4984 is divided by 116.
112
What is the remainder when 109 is divided by 22?
21
Calculate the remainder when 45 is divided by 13.
6
What is the remainder when 1160 is divided by 7?
5
What is the remainder when 203 is divided by 65?
8
What is the remainder when 70 is divided by 37?
33
What is the remainder when 809 is divided by 28?
25
What is the remainder when 1957 is divided by 40?
37
What is the remainder when 155 is divided by 52?
51
Calculate the remainder when 125 is divided by 13.
8
Calculate the remainder when 557 is divided by 47.
40
What is the remainder when 127 is divided by 66?
61
What is the remainder when 1797 is divided by 24?
21
What is the remainder when 147 is divided by 15?
12
Calculate the remainder when 1768 is divided by 18.
4
Calculate the remainder when 264 is divided by 60.
24
What is the remainder when 95 is divided by 13?
4
What is the remainder when 153 is divided by 32?
25
Calculate the remainder when 61 is divided by 9.
7
What is the remainder when 691 is divided by 41?
35
Calculate the remainder when 142 is divided by 64.
14
Calculate the remainder when 409 is divided by 128.
25
What is the remainder when 2533 is divided by 67?
54
Calculate the remainder when 687 is divided by 208.
63
What is the remainder when 964 is divided by 6?
4
Calculate the remainder when 8991 is divided by 22.
15
Calculate the remainder when 1678 is divided by 21.
19
Calculate the remainder when 656 is divided by 23.
12
What is the remainder when 380 is divided by 129?
122
Calculate the remainder when 1000 is divided by 66.
10
Calculate the remainder when 1121 is divided by 25.
21
Calculate the remainder when 122 is divided by 25.
22
What is the remainder when 2441 is divided by 809?
14
What is the remainder when 9323 is divided by 28?
27
Calculate the remainder when 5 is divided by 5.
0
Calculate the remainder when 940 is divided by 42.
16
What is the remainder when 1954 is divided by 85?
84
Calculate the remainder when 365 is divided by 89.
9
What is the remainder when 20 is divided by 1?
0
Calculate the remainder when 638 is divided by 138.
86
What is the remainder when 312 is divided by 80?
72
What is the remainder when 61 is divided by 17?
10
Calculate the remainder when 208 is divided by 67.
7
What is the remainder when 206 is divided by 26?
24
Calculate the remainder when 1152 is divided by 222.
42
What is the remainder when 4109 is divided by 51?
29
Calculate the remainder when 1198 is divided by 242.
230
What is the remainder when 306 is divided by 164?
142
What is the remainder when 772 is divided by 31?
28
Calculate the remainder when 3100 is divided by 11.
9
What is the remainder when 413 is divided by 150?
113
Calculate the remainder when 598 is divided by 95.
28
What is the remainder when 212 is divided by 31?
26
What is the remainder when 15 is divided by 9?
6
What is the remainder when 1104 is divided by 9?
6
What is the remainder when 110 is divided by 27?
2
Calculate the remainder when 207 is divided by 104.
103
Calculate the remainder when 354 is divided by 100.
54
Calculate the remainder when 3968 is divided by 1980.
8
Calculate the remainder when 156 is divided by 53.
50
What is the remainder when 65 is divided by 3?
2
What is the remainder when 1751 is divided by 434?
15
Calculate the remainder when 12 is divided by 2.
0
Calculate the remainder when 69 is divided by 18.
15
Calculate the remainder when 1707 is divided by 7.
6
What is the remainder when 24 is divided by 5?
4
Calculate the remainder when 753 is divided by 259.
235
What is the remainder when 59 is divided by 15?
14
Calculate the remainder when 1196 is divided by 242.
228
What is the remainder when 859 is divided by 417?
25
What is the remainder when 501 is divided by 41?
9
What is the remainder when 18 is divided by 7?
4
Calculate the remainder when 138 is divided by 3.
0
Calculate the remainder when 120 is divided by 16.
8
What is the remainder when 150 is divided by 11?
7
What is the remainder when 973 is divided by 122?
119
Calculate the remainder when 771 is divided by 33.
12
What is the remainder when 563 is divided by 94?
93
What is the remainder when 193 is divided by 96?
1
What is the remainder when 899 is divided by 120?
59
What is the remainder when 1450 is divided by 133?
120
Calculate the remainder when 375 is divided by 141.
93
Calculate the remainder when 1149 is divided by 50.
49
What is the remainder when 330 is divided by 86?
72
What is the remainder when 482 is divided by 124?
110
What is the remainder when 19 is divided by 5?
4
What is the remainder when 1125 is divided by 126?
117
Calculate the remainder when 394 is divided by 138.
118
What is the remainder when 6557 is divided by 51?
29
What is the remainder when 38 is divided by 6?
2
What is the remainder when 28 is divided by 16?
12
Calculate the remainder when 249 is divided by 14.
11
What is the remainder when 473 is divided by 150?
23
Calculate the remainder when 84 is divided by 45.
39
Calculate the remainder when 2565 is divided by 17.
15
What is the remainder when 1780 is divided by 40?
20
What is the remainder when 137 is divided by 18?
11
Calculate the remainder when 292 is divided by 24.
4
What is the remainder when 346 is